{"id":143,"date":"2022-11-22T12:34:39","date_gmt":"2022-11-22T12:34:39","guid":{"rendered":"http:\/\/temennievi.com\/ES\/\/?page_id=143"},"modified":"2023-12-19T12:11:56","modified_gmt":"2023-12-19T12:11:56","slug":"odalar","status":"publish","type":"page","link":"https:\/\/temennievi.com\/ES\/odalar\/","title":{"rendered":"Hab\u0131tac\u0131ones"},"content":{"rendered":"<p>[vc_row css_animation=&#8221;&#8221; row_type=&#8221;row&#8221; use_row_as_full_screen_section=&#8221;no&#8221; type=&#8221;grid&#8221; angled_section=&#8221;no&#8221; text_align=&#8221;left&#8221; background_image_as_pattern=&#8221;without_pattern&#8221; css=&#8221;.vc_custom_1669120220455{padding-top: 85px !important;}&#8221; z_index=&#8221;&#8221;][vc_column][vc_column_text]<\/p>\n<h3>Habitaciones<\/h3>\n<p>[\/vc_column_text][vc_empty_space height=&#8221;23px&#8221;][vc_column_text]Temenni Evi Luxury CaveSuites dejar\u00e1 un recuerdo inolvidable a ustedes, nuestros valiosos hu\u00e9spedes, con su vista \u00fanica en la cima de la colina Temenni, 1140 metros sobre el nivel del mar. Usted se sentir\u00e1 bajo las alas del pasado y el futuro con su maravillosa vista de 360 grados en la cumbre de Capadocia durante siglos. Nuestro objetivo es hacerle sentir que es un pr\u00edncipe y una princesa de cuento de hadas durante su estancia en Temenni Evi Luxury Suites, que ha sido objeto de cuentos de hadas y leyendas.<\/p>\n<p>&nbsp;<\/p>\n<p>A\u00f1adir\u00e1 una p\u00e1gina m\u00e1s a sus propias historias en nuestras habitaciones de cueva, arco y piedra adornadas con historias bajo la majestuosa y misteriosa luz de la Estrella de Sirio.[\/vc_column_text][vc_empty_space height=&#8221;93px&#8221;][\/vc_column][\/vc_row][vc_row css_animation=&#8221;&#8221; row_type=&#8221;row&#8221; use_row_as_full_screen_section=&#8221;no&#8221; type=&#8221;grid&#8221; angled_section=&#8221;no&#8221; text_align=&#8221;center&#8221; background_image_as_pattern=&#8221;without_pattern&#8221; z_index=&#8221;&#8221; css=&#8221;.vc_custom_1702983444920{background-color: #ffffff !important;}&#8221;][vc_column width=&#8221;1\/3&#8243; css=&#8221;.vc_custom_1669628294676{background-color: #ffffff !important;}&#8221;][vc_single_image image=&#8221;276&#8243; img_size=&#8221;full&#8221; qode_css_animation=&#8221;&#8221;][vc_empty_space height=&#8221;23px&#8221;][vc_column_text]<\/p>\n<h3 style=\"text-align: center;\">Habitaciones cueva est\u00e1ndar<\/h3>\n<p>[\/vc_column_text][vc_empty_space height=&#8221;23px&#8221;][vc_column_text]<\/p>\n<p style=\"text-align: center;\">Nuestras habitaciones cueva est\u00e1ndar, la m\u00e1s peque\u00f1a de 40 m2 y la m\u00e1s grande de 60 m2, le brindar\u00e1n la calidez de las chimeneas con toques arquitect\u00f3nicos otomanos y los jacuzzis de los cuartos de ba\u00f1o le proporcionar\u00e1n el placer \u00fanico de ba\u00f1arse.<\/p>\n<p>[\/vc_column_text][vc_empty_space height=&#8221;23px&#8221;]\n\n\t<a href=\"\/ES\/magara-odalar\/\" target=\"_self\" style=\"color: #ffffff;background-color: #ff5a5f\" class=\"qode-btn qode-btn-medium qode-btn-solid qode-btn-default-hover\"  >\n\t    <span class=\"qode-btn-text\">M\u00e1s detalles<\/span>\t<\/a>\n\n[vc_empty_space height=&#8221;23px&#8221;][\/vc_column][vc_column width=&#8221;1\/3&#8243; css=&#8221;.vc_custom_1669628386107{background-color: #ffffff !important;}&#8221;][vc_single_image image=&#8221;295&#8243; img_size=&#8221;full&#8221; qode_css_animation=&#8221;&#8221;][vc_empty_space height=&#8221;23px&#8221;][vc_column_text]<\/p>\n<h3 style=\"text-align: center;\">Salas de Piedra y Arco Est\u00e1ndar<\/h3>\n<p>[\/vc_column_text][vc_empty_space height=&#8221;23px&#8221;][vc_column_text]<\/p>\n<p style=\"text-align: center;\">De 40 m2 a 60 m2, nuestras habitaciones con arcos de piedra en las antiguas casas griegas est\u00e1n dise\u00f1adas para llevarles a ustedes, nuestros apreciados hu\u00e9spedes, en un viaje al pasado.<\/p>\n<p>[\/vc_column_text][vc_empty_space height=&#8221;23px&#8221;]\n\n\t<a href=\"\/ES\/tas-kemer-odalar\/\" target=\"_self\" style=\"color: #ffffff;background-color: #ff5a5f\" class=\"qode-btn qode-btn-medium qode-btn-solid qode-btn-default-hover\"  >\n\t    <span class=\"qode-btn-text\">M\u00e1s detalles<\/span>\t<\/a>\n\n[vc_empty_space height=&#8221;23px&#8221;][\/vc_column][vc_column width=&#8221;1\/3&#8243; css=&#8221;.vc_custom_1669628339472{background-color: #ffffff !important;}&#8221;][vc_single_image image=&#8221;305&#8243; img_size=&#8221;full&#8221; qode_css_animation=&#8221;&#8221;][vc_empty_space height=&#8221;23px&#8221;][vc_column_text]<\/p>\n<h3 style=\"text-align: center;\">Suites King<\/h3>\n<p>[\/vc_column_text][vc_empty_space height=&#8221;23px&#8221;][vc_column_text]<\/p>\n<p style=\"text-align: center;\">Nuestras habitaciones cueva y arco de 60 m2 a 85 m2 est\u00e1n especialmente preparadas para que pase unas vacaciones inolvidables.<\/p>\n<p>[\/vc_column_text][vc_empty_space height=&#8221;23px&#8221;]\n\n\t<a href=\"\/ES\/king-suitler\/\" target=\"_self\" style=\"color: #ffffff;background-color: #ff5a5f\" class=\"qode-btn qode-btn-medium qode-btn-solid qode-btn-default-hover\"  >\n\t    <span class=\"qode-btn-text\">M\u00e1s detalles<\/span>\t<\/a>\n\n[vc_empty_space height=&#8221;23px&#8221;][\/vc_column][\/vc_row][vc_row css_animation=&#8221;&#8221; row_type=&#8221;row&#8221; use_row_as_full_screen_section=&#8221;no&#8221; type=&#8221;grid&#8221; angled_section=&#8221;no&#8221; text_align=&#8221;left&#8221; background_image_as_pattern=&#8221;without_pattern&#8221; css=&#8221;.vc_custom_1669120220455{padding-top: 85px !important;}&#8221; z_index=&#8221;&#8221;][vc_column][vc_column_text]<\/p>\n<h3>Servicios e instalaciones<\/h3>\n<p>[\/vc_column_text][vc_empty_space height=&#8221;23px&#8221;][vc_column_text]<\/p>\n<h4><em>Restaurante<\/em><\/h4>\n<p>&nbsp;<\/p>\n<div>\n<p>Para degustar los mejores platos y vinos de la cocina de Anatolia en los restaurantes de nuestro hotel, est\u00e1n a su disposici\u00f3n nuestro restaurante interior para 90 personas, el de la cueva de roca para 45 personas y el de la terraza al aire libre para 70 personas.<\/p>\n<p>Estaremos encantados de darle la bienvenida con cordero de Capadocia y variedades de tandoori, sopas, ensaladas, pasteles y postres dignos de su boca.<\/p>\n<p>&nbsp;<\/p>\n<\/div>\n<h4><em>Nuestros servicios<\/em><\/h4>\n<p>&nbsp;<\/p>\n<div>\n<p><strong>El desayuno:<\/strong> El desayuno est\u00e1 incluido en el precio de la habitaci\u00f3n y se sirve en nuestros restaurantes interior y exterior. Dependiendo de la temporada, se ofrecen diferentes zumos de frutas, t\u00e9, caf\u00e9, frutas, yogur, mantequilla y mermeladas artesanales.<\/p>\n<p><strong>Cena:<\/strong> En caso de demanda, se preparan comidas caseras especiales en nuestra regi\u00f3n. Para quienes siguen una dieta especial o son vegetarianos, se pueden preparar diferentes opciones previa petici\u00f3n.<\/p>\n<p><strong>Servicio de habitaciones:<\/strong> Se sirven comidas ligeras o bocadillos hasta las 23:00 y bebidas las 24 horas del d\u00eda.<\/p>\n<p><strong>Servicio de lavander\u00eda:<\/strong> Hay servicio de limpieza en seco y de lavander\u00eda.<\/p>\n<p><strong>Excursiones diarias y gu\u00eda:<\/strong> Estamos encantados de ayudarle con informaci\u00f3n sobre el programa tur\u00edstico m\u00e1s adecuado para usted y excursiones diarias y gu\u00eda bajo petici\u00f3n.<\/p>\n<p><strong>Alquiler de coches:<\/strong> Coches de alquiler para recogerle y llevarle al hotel o al aeropuerto.<\/p>\n<p><strong>Vuelos en globo aerost\u00e1tico:<\/strong> Observe Capadocia como un p\u00e1jaro sobrevolando las chimeneas de hadas.<\/p>\n<p><strong>Reservas en restaurantes:<\/strong> Seg\u00fan su petici\u00f3n, se hacen reservas para restaurantes que reflejan la cocina de nuestra regi\u00f3n.<\/p>\n<p><strong>Traslados:<\/strong> Para estancias de 3 noches o m\u00e1s, proporcionamos traslados gratuitos.<\/p>\n<p>&nbsp;<\/p>\n<h4 class=\"title-style1\"><em>Instalaciones de Temenni Evi<\/em><\/h4>\n<p>&nbsp;<\/p>\n<div class=\"title-block\"><\/div>\n<p><strong>PABX:<\/strong> En nuestras habitaciones hay un tel\u00e9fono de marcaci\u00f3n directa.<\/p>\n<p><strong>Tel\u00e9fono y fax:<\/strong> Los servicios de tel\u00e9fono y fax est\u00e1n disponibles por una tarifa.<\/p>\n<p><strong>Internet:<\/strong> El servicio de Internet por cable &#8211; inal\u00e1mbrico se proporciona de forma gratuita en todas nuestras habitaciones.<\/p>\n<\/div>\n<p>&nbsp;<\/p>\n<div>\n<h4 class=\"title-style1\"><em>Condiciones de anulaci\u00f3n<\/em><\/h4>\n<p>&nbsp;<\/p>\n<div class=\"title-block\"><\/div>\n<p><strong>Confirmaci\u00f3n de la reserva:<\/strong> Confirmamos sus reservas por correo electr\u00f3nico y fax previa solicitud. En caso de solicitud de reserva, se le notificar\u00e1 la informaci\u00f3n de confirmaci\u00f3n por correo electr\u00f3nico, tel\u00e9fono o fax en un plazo de 12 horas. Se le cobrar\u00e1 un 10% por la confirmaci\u00f3n de las reservas.<\/p>\n<p><strong>Cancelaci\u00f3n:<\/strong> Una vez confirmada su reserva, se le cargar\u00e1 un 10%, en caso de cancelaci\u00f3n, &lt;1 semana se le descontar\u00e1 un 25%, &lt;2 d\u00edas un 50%, &lt;24 horas un 100%. Por favor, inf\u00f3rmenos lo antes posible en caso de cancelaci\u00f3n de su reserva. En las semanas previas a las vacaciones y d\u00edas festivos, hay un reembolso s\u00f3lo para las cancelaciones realizadas 1 mes antes.<\/p>\n<p><strong>Entrada:<\/strong> 00.30 &#8211; <strong>Salida<\/strong>: antes de las 11:00<\/p>\n<p><strong>Early Check In:<\/strong> Nuestro hotel le mostrar\u00e1 la sensibilidad necesaria si lo notifica durante su reserva.<\/p>\n<p><strong>Late Check In:<\/strong> Si lo notifica durante su reserva, nuestro hotel le mostrar\u00e1 la sensibilidad necesaria.<\/p>\n<p><em>En nuestro hotel se aceptan las tarjetas de cr\u00e9dito Visa, MasterCard.<\/em><\/p>\n<\/div>\n<p>[\/vc_column_text][vc_empty_space height=&#8221;93px&#8221;][\/vc_column][\/vc_row][vc_row css_animation=&#8221;&#8221; row_type=&#8221;row&#8221; use_row_as_full_screen_section=&#8221;no&#8221; type=&#8221;full_width&#8221; angled_section=&#8221;no&#8221; text_align=&#8221;left&#8221; background_image_as_pattern=&#8221;without_pattern&#8221;][vc_column][vc_empty_space height=&#8221;50px&#8221;][\/vc_column][\/vc_row]<\/p>\n","protected":false},"excerpt":{"rendered":"<p>[vc_row css_animation=&#8221;&#8221; row_type=&#8221;row&#8221; use_row_as_full_screen_section=&#8221;no&#8221; type=&#8221;grid&#8221; angled_section=&#8221;no&#8221; text_align=&#8221;left&#8221; background_image_as_pattern=&#8221;without_pattern&#8221; css=&#8221;.vc_custom_1669120220455{padding-top: 85px !important;}&#8221; z_index=&#8221;&#8221;][vc_column][vc_column_text] Habitaciones [\/vc_column_text][vc_empty_space height=&#8221;23px&#8221;][vc_column_text]Temenni Evi Luxury CaveSuites dejar\u00e1 un recuerdo inolvidable a ustedes, nuestros valiosos hu\u00e9spedes, con su vista \u00fanica en la cima de la colina Temenni, 1140 metros sobre el nivel del mar&#8230;.<\/p>\n","protected":false},"author":1,"featured_media":0,"parent":0,"menu_order":0,"comment_status":"closed","ping_status":"closed","template":"full_width.php","meta":{"footnotes":""},"class_list":["post-143","page","type-page","status-publish","hentry"],"_links":{"self":[{"href":"https:\/\/temennievi.com\/ES\/wp-json\/wp\/v2\/pages\/143","targetHints":{"allow":["GET"]}}],"collection":[{"href":"https:\/\/temennievi.com\/ES\/wp-json\/wp\/v2\/pages"}],"about":[{"href":"https:\/\/temennievi.com\/ES\/wp-json\/wp\/v2\/types\/page"}],"author":[{"embeddable":true,"href":"https:\/\/temennievi.com\/ES\/wp-json\/wp\/v2\/users\/1"}],"replies":[{"embeddable":true,"href":"https:\/\/temennievi.com\/ES\/wp-json\/wp\/v2\/comments?post=143"}],"version-history":[{"count":55,"href":"https:\/\/temennievi.com\/ES\/wp-json\/wp\/v2\/pages\/143\/revisions"}],"predecessor-version":[{"id":503,"href":"https:\/\/temennievi.com\/ES\/wp-json\/wp\/v2\/pages\/143\/revisions\/503"}],"wp:attachment":[{"href":"https:\/\/temennievi.com\/ES\/wp-json\/wp\/v2\/media?parent=143"}],"curies":[{"name":"wp","href":"https:\/\/api.w.org\/{rel}","templated":true}]}}

Habıtacıones

<p>[vc_row css_animation=&#8221;&#8221; row_type=&#8221;row&#8221; use_row_as_full_screen_section=&#8221;no&#8221; type=&#8221;grid&#8221; angled_section=&#8221;no&#8221; text_align=&#8221;left&#8221; background_image_as_pattern=&#8221;without_pattern&#8221; css=&#8221;.vc_custom_1669120220455{padding-top: 85px !important;}&#8221; z_index=&#8221;&#8221;][vc_column][vc_column_text]</p>
<h3>Habitaciones</h3>
<p>[/vc_column_text][vc_empty_space height=&#8221;23px&#8221;][vc_column_text]Temenni Evi Luxury CaveSuites dejará un recuerdo inolvidable a ustedes, nuestros valiosos huéspedes, con su vista única en la cima de la colina Temenni, 1140 metros sobre el nivel del mar. Usted se sentirá bajo las alas del pasado y el futuro con su maravillosa vista de 360 grados en la cumbre de Capadocia durante siglos. Nuestro objetivo es hacerle sentir que es un príncipe y una princesa de cuento de hadas durante su estancia en Temenni Evi Luxury Suites, que ha sido objeto de cuentos de hadas y leyendas.</p>
<p>&nbsp;</p>
<p>Añadirá una página más a sus propias historias en nuestras habitaciones de cueva, arco y piedra adornadas con historias bajo la majestuosa y misteriosa luz de la Estrella de Sirio.[/vc_column_text][vc_empty_space height=&#8221;93px&#8221;][/vc_column][/vc_row][vc_row css_animation=&#8221;&#8221; row_type=&#8221;row&#8221; use_row_as_full_screen_section=&#8221;no&#8221; type=&#8221;grid&#8221; angled_section=&#8221;no&#8221; text_align=&#8221;center&#8221; background_image_as_pattern=&#8221;without_pattern&#8221; z_index=&#8221;&#8221; css=&#8221;.vc_custom_1702983444920{background-color: #ffffff !important;}&#8221;][vc_column width=&#8221;1/3&#8243; css=&#8221;.vc_custom_1669628294676{background-color: #ffffff !important;}&#8221;][vc_single_image image=&#8221;276&#8243; img_size=&#8221;full&#8221; qode_css_animation=&#8221;&#8221;][vc_empty_space height=&#8221;23px&#8221;][vc_column_text]</p>
<h3 style="text-align: center;">Habitaciones cueva estándar</h3>
<p>[/vc_column_text][vc_empty_space height=&#8221;23px&#8221;][vc_column_text]</p>
<p style="text-align: center;">Nuestras habitaciones cueva estándar, la más pequeña de 40 m2 y la más grande de 60 m2, le brindarán la calidez de las chimeneas con toques arquitectónicos otomanos y los jacuzzis de los cuartos de baño le proporcionarán el placer único de bañarse.</p>
<p>[/vc_column_text][vc_empty_space height=&#8221;23px&#8221;]

	<a href="/ES/magara-odalar/" target="_self" style="color: #ffffff;background-color: #ff5a5f" class="qode-btn qode-btn-medium qode-btn-solid qode-btn-default-hover"  >
	    <span class="qode-btn-text">Más detalles</span>	</a>

[vc_empty_space height=&#8221;23px&#8221;][/vc_column][vc_column width=&#8221;1/3&#8243; css=&#8221;.vc_custom_1669628386107{background-color: #ffffff !important;}&#8221;][vc_single_image image=&#8221;295&#8243; img_size=&#8221;full&#8221; qode_css_animation=&#8221;&#8221;][vc_empty_space height=&#8221;23px&#8221;][vc_column_text]</p>
<h3 style="text-align: center;">Salas de Piedra y Arco Estándar</h3>
<p>[/vc_column_text][vc_empty_space height=&#8221;23px&#8221;][vc_column_text]</p>
<p style="text-align: center;">De 40 m2 a 60 m2, nuestras habitaciones con arcos de piedra en las antiguas casas griegas están diseñadas para llevarles a ustedes, nuestros apreciados huéspedes, en un viaje al pasado.</p>
<p>[/vc_column_text][vc_empty_space height=&#8221;23px&#8221;]

	<a href="/ES/tas-kemer-odalar/" target="_self" style="color: #ffffff;background-color: #ff5a5f" class="qode-btn qode-btn-medium qode-btn-solid qode-btn-default-hover"  >
	    <span class="qode-btn-text">Más detalles</span>	</a>

[vc_empty_space height=&#8221;23px&#8221;][/vc_column][vc_column width=&#8221;1/3&#8243; css=&#8221;.vc_custom_1669628339472{background-color: #ffffff !important;}&#8221;][vc_single_image image=&#8221;305&#8243; img_size=&#8221;full&#8221; qode_css_animation=&#8221;&#8221;][vc_empty_space height=&#8221;23px&#8221;][vc_column_text]</p>
<h3 style="text-align: center;">Suites King</h3>
<p>[/vc_column_text][vc_empty_space height=&#8221;23px&#8221;][vc_column_text]</p>
<p style="text-align: center;">Nuestras habitaciones cueva y arco de 60 m2 a 85 m2 están especialmente preparadas para que pase unas vacaciones inolvidables.</p>
<p>[/vc_column_text][vc_empty_space height=&#8221;23px&#8221;]

	<a href="/ES/king-suitler/" target="_self" style="color: #ffffff;background-color: #ff5a5f" class="qode-btn qode-btn-medium qode-btn-solid qode-btn-default-hover"  >
	    <span class="qode-btn-text">Más detalles</span>	</a>

[vc_empty_space height=&#8221;23px&#8221;][/vc_column][/vc_row][vc_row css_animation=&#8221;&#8221; row_type=&#8221;row&#8221; use_row_as_full_screen_section=&#8221;no&#8221; type=&#8221;grid&#8221; angled_section=&#8221;no&#8221; text_align=&#8221;left&#8221; background_image_as_pattern=&#8221;without_pattern&#8221; css=&#8221;.vc_custom_1669120220455{padding-top: 85px !important;}&#8221; z_index=&#8221;&#8221;][vc_column][vc_column_text]</p>
<h3>Servicios e instalaciones</h3>
<p>[/vc_column_text][vc_empty_space height=&#8221;23px&#8221;][vc_column_text]</p>
<h4><em>Restaurante</em></h4>
<p>&nbsp;</p>
<div>
<p>Para degustar los mejores platos y vinos de la cocina de Anatolia en los restaurantes de nuestro hotel, están a su disposición nuestro restaurante interior para 90 personas, el de la cueva de roca para 45 personas y el de la terraza al aire libre para 70 personas.</p>
<p>Estaremos encantados de darle la bienvenida con cordero de Capadocia y variedades de tandoori, sopas, ensaladas, pasteles y postres dignos de su boca.</p>
<p>&nbsp;</p>
</div>
<h4><em>Nuestros servicios</em></h4>
<p>&nbsp;</p>
<div>
<p><strong>El desayuno:</strong> El desayuno está incluido en el precio de la habitación y se sirve en nuestros restaurantes interior y exterior. Dependiendo de la temporada, se ofrecen diferentes zumos de frutas, té, café, frutas, yogur, mantequilla y mermeladas artesanales.</p>
<p><strong>Cena:</strong> En caso de demanda, se preparan comidas caseras especiales en nuestra región. Para quienes siguen una dieta especial o son vegetarianos, se pueden preparar diferentes opciones previa petición.</p>
<p><strong>Servicio de habitaciones:</strong> Se sirven comidas ligeras o bocadillos hasta las 23:00 y bebidas las 24 horas del día.</p>
<p><strong>Servicio de lavandería:</strong> Hay servicio de limpieza en seco y de lavandería.</p>
<p><strong>Excursiones diarias y guía:</strong> Estamos encantados de ayudarle con información sobre el programa turístico más adecuado para usted y excursiones diarias y guía bajo petición.</p>
<p><strong>Alquiler de coches:</strong> Coches de alquiler para recogerle y llevarle al hotel o al aeropuerto.</p>
<p><strong>Vuelos en globo aerostático:</strong> Observe Capadocia como un pájaro sobrevolando las chimeneas de hadas.</p>
<p><strong>Reservas en restaurantes:</strong> Según su petición, se hacen reservas para restaurantes que reflejan la cocina de nuestra región.</p>
<p><strong>Traslados:</strong> Para estancias de 3 noches o más, proporcionamos traslados gratuitos.</p>
<p>&nbsp;</p>
<h4 class="title-style1"><em>Instalaciones de Temenni Evi</em></h4>
<p>&nbsp;</p>
<div class="title-block"></div>
<p><strong>PABX:</strong> En nuestras habitaciones hay un teléfono de marcación directa.</p>
<p><strong>Teléfono y fax:</strong> Los servicios de teléfono y fax están disponibles por una tarifa.</p>
<p><strong>Internet:</strong> El servicio de Internet por cable &#8211; inalámbrico se proporciona de forma gratuita en todas nuestras habitaciones.</p>
</div>
<p>&nbsp;</p>
<div>
<h4 class="title-style1"><em>Condiciones de anulación</em></h4>
<p>&nbsp;</p>
<div class="title-block"></div>
<p><strong>Confirmación de la reserva:</strong> Confirmamos sus reservas por correo electrónico y fax previa solicitud. En caso de solicitud de reserva, se le notificará la información de confirmación por correo electrónico, teléfono o fax en un plazo de 12 horas. Se le cobrará un 10% por la confirmación de las reservas.</p>
<p><strong>Cancelación:</strong> Una vez confirmada su reserva, se le cargará un 10%, en caso de cancelación, &lt;1 semana se le descontará un 25%, &lt;2 días un 50%, &lt;24 horas un 100%. Por favor, infórmenos lo antes posible en caso de cancelación de su reserva. En las semanas previas a las vacaciones y días festivos, hay un reembolso sólo para las cancelaciones realizadas 1 mes antes.</p>
<p><strong>Entrada:</strong> 00.30 &#8211; <strong>Salida</strong>: antes de las 11:00</p>
<p><strong>Early Check In:</strong> Nuestro hotel le mostrará la sensibilidad necesaria si lo notifica durante su reserva.</p>
<p><strong>Late Check In:</strong> Si lo notifica durante su reserva, nuestro hotel le mostrará la sensibilidad necesaria.</p>
<p><em>En nuestro hotel se aceptan las tarjetas de crédito Visa, MasterCard.</em></p>
</div>
<p>[/vc_column_text][vc_empty_space height=&#8221;93px&#8221;][/vc_column][/vc_row][vc_row css_animation=&#8221;&#8221; row_type=&#8221;row&#8221; use_row_as_full_screen_section=&#8221;no&#8221; type=&#8221;full_width&#8221; angled_section=&#8221;no&#8221; text_align=&#8221;left&#8221; background_image_as_pattern=&#8221;without_pattern&#8221;][vc_column][vc_empty_space height=&#8221;50px&#8221;][/vc_column][/vc_row]</p>

<p>[vc_row css_animation=&#8221;&#8221; row_type=&#8221;row&#8221; use_row_as_full_screen_section=&#8221;no&#8221; type=&#8221;grid&#8221; angled_section=&#8221;no&#8221; text_align=&#8221;left&#8221; background_image_as_pattern=&#8221;without_pattern&#8221; css=&#8221;.vc_custom_1669120220455{padding-top: 85px !important;}&#8221; z_index=&#8221;&#8221;][vc_column][vc_column_text] Habitaciones [/vc_column_text][vc_empty_space height=&#8221;23px&#8221;][vc_column_text]Temenni Evi Luxury CaveSuites dejará un recuerdo inolvidable a ustedes, nuestros valiosos huéspedes, con su vista única en la cima de la colina Temenni, 1140 metros sobre el nivel del mar&#8230;.</p>
